{"id":9493,"date":"2023-06-14T11:54:18","date_gmt":"2023-06-14T11:54:18","guid":{"rendered":"https:\/\/dummy.xtemos.com\/woodmart2\/plants\/?page_id=13"},"modified":"2024-08-02T13:33:26","modified_gmt":"2024-08-02T13:33:26","slug":"about-us","status":"publish","type":"page","link":"https:\/\/cbchairstyle.com\/index.php\/about-us\/","title":{"rendered":"About us"},"content":{"rendered":"<div class=\"wpb-content-wrapper\"><p>[vc_row woodmart_css_id=&#8221;645a550baa672&#8243; responsive_spacing=&#8221;eyJwYXJhbV90eXBlIjoid29vZG1hcnRfcmVzcG9uc2l2ZV9zcGFjaW5nIiwic2VsZWN0b3JfaWQiOiI2NDVhNTUwYmFhNjcyIiwic2hvcnRjb2RlIjoidmNfcm93IiwiZGF0YSI6eyJ0YWJsZXQiOnsibWFyZ2luLWJvdHRvbSI6IjUwIn0sIm1vYmlsZSI6eyJtYXJnaW4tdG9wIjoiLTIwcHgiLCJtYXJnaW4tYm90dG9tIjoiMTAifX19&#8243; mobile_bg_img_hidden=&#8221;no&#8221; tablet_bg_img_hidden=&#8221;no&#8221; woodmart_parallax=&#8221;0&#8243; woodmart_gradient_switch=&#8221;no&#8221; woodmart_box_shadow=&#8221;no&#8221; wd_z_index=&#8221;no&#8221; woodmart_disable_overflow=&#8221;0&#8243; row_reverse_mobile=&#8221;0&#8243; row_reverse_tablet=&#8221;0&#8243; css=&#8221;.vc_custom_1683641625720{margin-bottom: 70px !important;}&#8221;][vc_column]\n\t\t<div id=\"wd-66aca0b037739\" class=\"title-wrapper wd-wpb set-mb-s reset-last-child  wd-rs-66aca0b037739 wd-title-color-default wd-title-style-default text-left  wd-underline-colored\">\n\t\t\t\n\t\t\t<div class=\"liner-continer\">\n\t\t\t\t<h4 class=\"woodmart-title-container title  wd-font-weight- wd-fontsize-l\" >CBCHA\u0130RSTYLE<\/h4>\n\t\t\t\t\t\t\t<\/div>\n\t\t\t\n\t\t\t\n\t\t\t\n\t\t<\/div>\n\t\t\n\t\t\t\t<div id=\"wd-66acdff446555\" class=\"wd-image wd-wpb wd-rs-66acdff446555 text-center \">\n\t\t\t\n\t\t\t<img loading=\"lazy\" decoding=\"async\" width=\"1040\" height=\"480\" src=\"https:\/\/cbchairstyle.com\/wp-content\/uploads\/2023\/06\/slide-1.jpg\" class=\"attachment-full size-full\" alt=\"\" srcset=\"https:\/\/cbchairstyle.com\/wp-content\/uploads\/2023\/06\/slide-1.jpg 1040w, https:\/\/cbchairstyle.com\/wp-content\/uploads\/2023\/06\/slide-1-400x185.jpg 400w, https:\/\/cbchairstyle.com\/wp-content\/uploads\/2023\/06\/slide-1-768x354.jpg 768w, https:\/\/cbchairstyle.com\/wp-content\/uploads\/2023\/06\/slide-1-430x198.jpg 430w, https:\/\/cbchairstyle.com\/wp-content\/uploads\/2023\/06\/slide-1-700x323.jpg 700w, https:\/\/cbchairstyle.com\/wp-content\/uploads\/2023\/06\/slide-1-190x88.jpg 190w\" sizes=\"auto, (max-width: 1040px) 100vw, 1040px\" \/>\n\t\t\t\t\t<\/div>\n\t\t[\/vc_column][\/vc_row][vc_row woodmart_stretch_content=&#8221;section-stretch-content&#8221; woodmart_css_id=&#8221;66aca10859ebe&#8221; responsive_spacing=&#8221;eyJwYXJhbV90eXBlIjoid29vZG1hcnRfcmVzcG9uc2l2ZV9zcGFjaW5nIiwic2VsZWN0b3JfaWQiOiI2NmFjYTEwODU5ZWJlIiwic2hvcnRjb2RlIjoidmNfcm93IiwiZGF0YSI6eyJ0YWJsZXQiOnt9LCJtb2JpbGUiOnt9fX0=&#8221; mobile_bg_img_hidden=&#8221;no&#8221; tablet_bg_img_hidden=&#8221;no&#8221; woodmart_parallax=&#8221;0&#8243; woodmart_gradient_switch=&#8221;no&#8221; woodmart_box_shadow=&#8221;no&#8221; wd_z_index=&#8221;no&#8221; woodmart_disable_overflow=&#8221;0&#8243; row_reverse_mobile=&#8221;0&#8243; row_reverse_tablet=&#8221;0&#8243;][vc_column]\n\t\t<div id=\"wd-66aca15d2b59d\" class=\"title-wrapper wd-wpb set-mb-s reset-last-child  wd-rs-66aca15d2b59d wd-title-color-default wd-title-style-default text-center vc_custom_1722589536570 wd-width-custom wd-underline-colored\">\n\t\t\t\n\t\t\t<div class=\"liner-continer\">\n\t\t\t\t<h4 class=\"woodmart-title-container title  wd-font-weight- wd-fontsize-l\" >Hakk\u0131m\u0131zda<\/h4>\n\t\t\t\t\t\t\t<\/div>\n\t\t\t\n\t\t\t\n\t\t\t\n\t\t<\/div>\n\t\t\n\t\t\t\t<div id=\"wd-66aca19325eb0\" class=\"wd-text-block wd-wpb reset-last-child wd-rs-66aca19325eb0 text-center wd-width-custom \">\n\t\t\t<p>Chchairstyle olarak, mobilya sekt\u00f6r\u00fcnde kalite ve esteti\u011fi bir araya getiriyoruz. Uzun y\u0131llara dayanan deneyimimiz ve uzman ekibimizle, sandalye, masa ve sehpa \u00fcretiminde \u00f6nc\u00fc bir firma olma yolunda emin ad\u0131mlarla ilerliyoruz.<\/p>\n<p>Her biri \u00f6zenle tasarlanm\u0131\u015f ve titizlikle \u00fcretilmi\u015f mobilya \u00fcr\u00fcnlerimiz, ya\u015fam alanlar\u0131n\u0131za konfor ve \u015f\u0131kl\u0131k katmak i\u00e7in sizlerle bulu\u015fuyor. M\u00fc\u015fteri memnuniyetini her zaman \u00f6n planda tutarak, y\u00fcksek kaliteli malzemeler ve son teknoloji \u00fcretim teknikleri ile sizlere en iyi hizmeti sunmay\u0131 hedefliyoruz.<\/p>\n<p><strong>Neden Chchairstyle?<\/strong><\/p>\n<ul>\n<li><strong>Kalite ve G\u00fcven:<\/strong> \u00dcr\u00fcnlerimiz, uzun \u00f6m\u00fcrl\u00fc ve dayan\u0131kl\u0131 olmalar\u0131 i\u00e7in titizlikle \u00fcretilir. Kaliteden \u00f6d\u00fcn vermeden, her zaman en iyi malzemeleri kullan\u0131r\u0131z.<\/li>\n<li><strong>\u015e\u0131k ve Fonksiyonel Tasar\u0131mlar:<\/strong> Estetik anlay\u0131\u015f\u0131m\u0131z, fonksiyonellikle bulu\u015fuyor. Modern ve klasik tasar\u0131mlar\u0131m\u0131z, her zevke ve mekana uyum sa\u011flayacak \u015fekilde tasarlanm\u0131\u015ft\u0131r.<\/li>\n<li><strong>M\u00fc\u015fteri Odakl\u0131 Yakla\u015f\u0131m:<\/strong> M\u00fc\u015fterilerimizin ihtiya\u00e7lar\u0131n\u0131 ve beklentilerini anlamak, onlara en uygun \u00e7\u00f6z\u00fcmleri sunmak i\u00e7in her zaman buraday\u0131z. Memnuniyetiniz bizim i\u00e7in \u00f6nceliklidir.<\/li>\n<\/ul>\n<p>Chchairstyle olarak, evlerinizi ve i\u015f yerlerinizi daha g\u00fczel ve ya\u015fanabilir k\u0131lmak i\u00e7in \u00e7al\u0131\u015f\u0131yoruz. Mobilya ihtiya\u00e7lar\u0131n\u0131zda bizi tercih etti\u011finiz i\u00e7in te\u015fekk\u00fcr ederiz.<\/p>\n\t\t<\/div>\n\t\t[\/vc_column][\/vc_row]<\/p>\n<\/div>","protected":false},"excerpt":{"rendered":"<p>[vc_row woodmart_css_id=&#8221;645a550baa672&#8243; responsive_spacing=&#8221;eyJwYXJhbV90eXBlIjoid29vZG1hcnRfcmVzcG9uc2l2ZV9zcGFjaW5nIiwic2VsZWN0b3JfaWQiOiI2NDVhNTUwYmFhNjcyIiwic2hvcnRjb2RlIjoidmNfcm93IiwiZGF0YSI6eyJ0YWJsZXQiOnsibWFyZ2luLWJvdHRvbSI6IjUwIn0sIm1vYmlsZSI6eyJtYXJnaW4tdG9wIjoiLTIwcHgiLCJtYXJnaW4tYm90dG9tIjoiMTAifX19&#8243; mobile_bg_img_hidden=&#8221;no&#8221; tablet_bg_img_hidden=&#8221;no&#8221; woodmart_parallax=&#8221;0&#8243; woodmart_gradient_switch=&#8221;no&#8221; woodmart_box_shadow=&#8221;no&#8221; wd_z_index=&#8221;no&#8221; woodmart_disable_overflow=&#8221;0&#8243; row_reverse_mobile=&#8221;0&#8243; row_reverse_tablet=&#8221;0&#8243; css=&#8221;.vc_custom_1683641625720{margin-bottom: 70px !important;}&#8221;][vc_column][\/vc_column][\/vc_row][vc_row woodmart_stretch_content=&#8221;section-stretch-content&#8221; woodmart_css_id=&#8221;66aca10859ebe&#8221; responsive_spacing=&#8221;eyJwYXJhbV90eXBlIjoid29vZG1hcnRfcmVzcG9uc2l2ZV9zcGFjaW5nIiwic2VsZWN0b3JfaWQiOiI2NmFjYTEwODU5ZWJlIiwic2hvcnRjb2RlIjoidmNfcm93IiwiZGF0YSI6eyJ0YWJsZXQiOnt9LCJtb2JpbGUiOnt9fX0=&#8221; mobile_bg_img_hidden=&#8221;no&#8221; tablet_bg_img_hidden=&#8221;no&#8221;<\/p>\n","protected":false},"author":1,"featured_media":0,"parent":0,"menu_order":0,"comment_status":"closed","ping_status":"closed","template":"","meta":{"_joinchat":[],"footnotes":""},"class_list":["post-9493","page","type-page","status-publish","hentry"],"_links":{"self":[{"href":"https:\/\/cbchairstyle.com\/index.php\/wp-json\/wp\/v2\/pages\/9493","targetHints":{"allow":["GET"]}}],"collection":[{"href":"https:\/\/cbchairstyle.com\/index.php\/wp-json\/wp\/v2\/pages"}],"about":[{"href":"https:\/\/cbchairstyle.com\/index.php\/wp-json\/wp\/v2\/types\/page"}],"author":[{"embeddable":true,"href":"https:\/\/cbchairstyle.com\/index.php\/wp-json\/wp\/v2\/users\/1"}],"replies":[{"embeddable":true,"href":"https:\/\/cbchairstyle.com\/index.php\/wp-json\/wp\/v2\/comments?post=9493"}],"version-history":[{"count":9,"href":"https:\/\/cbchairstyle.com\/index.php\/wp-json\/wp\/v2\/pages\/9493\/revisions"}],"predecessor-version":[{"id":9585,"href":"https:\/\/cbchairstyle.com\/index.php\/wp-json\/wp\/v2\/pages\/9493\/revisions\/9585"}],"wp:attachment":[{"href":"https:\/\/cbchairstyle.com\/index.php\/wp-json\/wp\/v2\/media?parent=9493"}],"curies":[{"name":"wp","href":"https:\/\/api.w.org\/{rel}","templated":true}]}}